2*g**2 - g - 1. Let t be j(-1). What is the remainder when 19 is divided by (-2)/4*11*t?
8
Suppose 2*i + 658 = -0*y + 4*y, 0 = 4*i + 4. What is the remainder when y is divided by 42?
38
Let h = 20 - 11. Suppose 4*a - h - 23 = 0. What is the remainder when 30 is divided by a?
6
Suppose 7 - 71 = -4*p. Let r = -79 - -141. Calculate the remainder when r is divided by p.
14
Let h = -11 - -11. Suppose 2*z - 7*z - 20 = h. Calculate the remainder when ((-228)/(-9))/(z/(-6)) is divided by 20.
18
Let q(s) = 28*s**3 + 1. Let z be q(1). Suppose -c = -2*c + z. Calculate the remainder when c is divided by 10.
9
Let v = -107 - -151. Calculate the remainder when v is divided by 16.
12
Suppose 0 = -4*r + 4, -3*r = 3*q - 3 - 141. What is the remainder when q is divided by 12?
11
Suppose 2*l - 20 = -4*o, -o + 0*o + 4*l = -23. Suppose 2*z + 80 = o*z. Let c(h) = -h**3 + h**2 + h + 47. Calculate the remainder when c(0) is divided by z.
15
Let j = -101 - -121. What is the remainder when 38 + (0 - 0) + 1 is divided by j?
19
Let b(k) = 4*k - 7. Let p be b(8). Let w = 38 - p. What is the remainder when 37 is divided by w?
11
Suppose -3*x + 0*x + 36 = 0. Suppose 3*b + 75 = 3*w, 3*w + 3*b - 30 = w. Calculate the remainder when w is divided by x.
9
Let k = -30 - -18. Let b = 0 - k. Calculate the remainder when 46 is divided by b.
10
Let x(j) = 21*j**3 - 3*j**2 + j + 1. Calculate the remainder when 37 is divided by x(1).
17
Let p be ((-1)/2)/((-1)/4). Suppose p = -2*v + v. What is the remainder when 2 is divided by (1 + -6)*v/10?
0
Suppose -v - 31 = j + 3*v, -j = v + 28. Calculate the remainder when 6/j + (-832)/(-18) is divided by 16.
14
Calculate the remainder when 51 is divided by 73/4 + (-2)/8.
15
Suppose 5*m - 35 = 5*p, 2*m + 0*p = 5*p + 17. Suppose -m*g + 5*g = -4. What is the remainder when g is divided by 2?
0
Suppose 2 = -3*h - 4. Let z(w) = 2 + 4*w + w**2 - 2*w + 0. Calculate the remainder when 4 is divided by z(h).
0
Suppose -4*n + 18 = -118. Suppose 3*j = 8 + 28. What is the remainder when n is divided by j?
10
Let n(m) = -16*m - 3. Let o be n(-2). Let u be (-2)/((-2)/o*1). Suppose 5*r - u = 1. What is the remainder when 17 is divided by r?
5
Let r = 19 + -12. Let x be (5 - 1) + 0 + -1. Suppose -x*g - 12 = -7*g. Calculate the remainder when r is divided by g.
1
Let j(v) = 6*v**2 + 3*v + 5. Let k be j(-5). Suppose -3*n - k = -5*r, -4*r + 2*n + 110 = -0*n. What is the remainder when r is divided by 9?
7
Let q(g) = 2*g**2 - 4*g + 4. Calculate the remainder when q(5) is divided by 10.
4
Calculate the remainder when 61 is divided by (-5)/1*279/(-45).
30
Let j(c) = -2*c. Let x be j(-1). Suppose 0 = u - 2*u + 4*y + 4, -u + 5*y = -x. What is the remainder when 35 is divided by u?
11
Let b(q) = -q**2 + 7*q - 4. Calculate the remainder when 22 is divided by b(4).
6
Let p = -2 + 3. Suppose -2*l + 4*v - p = -v, 5*v + 11 = -2*l. Let t = l + 11. Calculate the remainder when 14 is divided by t.
6
Let y be (1 + 3)/((-1)/(-8)). Let a = y + -14. What is the remainder when 52 is divided by a?
16
Let h = -1 + 3. Calculate the remainder when (5 - 6)*(0 - h) is divided by 2.
0
Let n(w) = 6*w - 1. Let y be n(-1). Let b = y + 1. Let p = b + 19. What is the remainder when 38 is divided by p?
12
Let z = 43 + -25. Suppose -1 - z = -o. What is the remainder when o is divided by 10?
9
Let z = 8 - 5. Let l(i) = 0 + i**2 - z*i - 1 + 0*i**2. Calculate the remainder when 33 is divided by l(5).
6
Suppose -w = -5*q - 54, 3*q = 2*w + 6*q - 43. Calculate the remainder when 260 is divided by w.
28
Let b = 6 - 3. Suppose b*z + 6 = 0, g + 3*z - 2 + 1 = 0. Calculate the remainder when 20 is divided by g.
6
Let h(b) = 1. Let j(f) = 8*f + 15. Let a(y) = 4*h(y) - j(y). What is the remainder when a(-9) is divided by 16?
13
Let m = 94 - 88. Calculate the remainder when 33 is divided by m.
3
Suppose 3*b = 2*z + 5 - 0, 11 = b - 3*z. Let k be (b/2)/(2/(-64)). Suppose 0*t - k = -4*t. Calculate the remainder when t is divided by 3.
1
Suppose k + 16 = 2. What is the remainder when 19 is divided by (k/4)/((-2)/4)?
5
Let t = -44 - -78. Calculate the remainder when t is divided by 6/21 + 372/21.
16
Let q(z) = -7*z**2 + 3*z**3 + 6 + z + 0 - 2*z**3. Let i = 26 - 19. What is the remainder when q(i) is divided by 5?
3
Let i = 32 - 15. What is the remainder when i is divided by 195/21 - 2/7?
8
Let t(h) = 34*h**2 - h - 1. Let m be t(-1). Let d = 2 + m. Calculate the remainder when 17 is divided by (d/10)/(2/5).
8
Let i be 3 - (2 + 0) - 3. Calculate the remainder when 39 is divided by 2/4 + (-27)/i.
11
Suppose -3*g + 4*g = 137. Calculate the remainder when g is divided by 35.
32
Let p be 6/9 - 4/(-3). Suppose 3*w - 30 = -p*w. Let a = 54 - 37. What is the remainder when a is divided by w?
5
Let v(f) = f**3 + 11*f**2 - f - 4. Calculate the remainder when 33 is divided by v(-11).
5
Suppose 5*w - 2*o = o + 46, 3*w = 3*o + 30. Let q(r) = w*r**2 + 2 + 4 - 4 - 1. Calculate the remainder when 17 is divided by q(1).
8
Let p = -6 + 8. Suppose -p = -2*s, 4*y + 4*s = 50 - 18. What is the remainder when 26 is divided by y?
5
Let f be 5*(-3)/(2 + -3). Suppose f = -2*q + 55. Calculate the remainder when q is divided by 11.
9
Let a(c) = -5*c + 3. Calculate the remainder when 35 is divided by a(-3).
17
Let i = 23 - -1. Calculate the remainder when 46 is divided by i.
22
Let l = 39 - 7. Let q(j) = -j**2 - 1. Let p be q(4). Let b = l + p. What is the remainder when b is divided by 8?
7
What is the remainder when 16 is divided by 2/10 + 4 + (-56)/(-20)?
2
Let i = -15 - -15. Let a(f) = f**3 - f + 16. What is the remainder when 45 is divided by a(i)?
13
Suppose 65 = 3*h - 46. Calculate the remainder when h is divided by 10.
7
Let i(m) = -17*m**3 + 2*m**2 + 2*m + 1. Let u be i(-1). Calculate the remainder when u + -1*3/(-3) is divided by 11.
8
Let o = 103 - 87. Let b = -9 + 18. What is the remainder when o is divided by b?
7
Let s = -72 - -160. Suppose 3*q = -5*p + q + 220, 2*p - 3*q = s. Let v = p - 21. Calculate the remainder when v is divided by 8.
7
Let h(g) = -g**2 - 12*g - 21. What is the remainder when h(-5) is divided by 5?
4
Suppose -4*g - 16 = -3*g. Let c = g - -23. What is the remainder when 20 is divided by c?
6
Suppose 3*o + 0*o = 0. Suppose 4 = -4*d - o*d. Calculate the remainder when 6 is divided by 2 + 1 + (d - -2).
2
Suppose 0 = -3*u + 34 + 113. What is the remainder when u is divided by 26?
23
Let u(d) be the second derivative of 9*d**5/5 + d**4/6 - d**3/6 - 2*d. Let l = -26 + 39. Calculate the remainder when u(1) is divided by l.
11
Let j(g) = g**3 - 8*g**2 + 9*g + 5. What is the remainder when j(7) is divided by 7?
5
Let h(x) = -12*x - 11. Let c(o) = 4*o + 5. Calculate the remainder when h(-7) is divided by c(5).
23
Suppose 0 = -2*v + 4*m - 10, 40 = 3*v - 0*v + 5*m. Calculate the remainder when 18 is divided by v.
3
Let q = 36 + -5. What is the remainder when q is divided by 16?
15
Suppose -2*c = c - 189. Suppose -l + c = 2*l. Suppose -9 = -5*j + 46. Calculate the remainder when l is divided by j.
10
Calculate the remainder when (-59)/59*((-26)/1 + 1) is divided by 9.
7
Suppose 405 = 3*q + 2*v, 0 = -4*q + 3*v + 356 + 167. Suppose 4*u - 5*l = 126, -5*u - 5*l + 0*l + 180 = 0. Calculate the remainder when q is divided by u.
31
Suppose -3*d + 8 = -d. Calculate the remainder when 18/4 + (-1)/(-2) is divided by d.
1
Suppose 0 = -2*p + 2*q, 3*p - 2*q + 4*q - 10 = 0. Let z be 0/3 - (p - -20). Let u = -13 - z. Calculate the remainder when 26 is divided by u.
8
What is the remainder when 40 is divided by 4/6*2/(-4)*-33?
7
Let g(h) = 31*h**2 - 2*h - 1. Let s be 3 + -3 - (-2)/(-2). Calculate the remainder when g(s) is divided by 11.
10
Suppose -25*f + 639 = -16*f. Let z(s) = s**3 + 8*s**2 + 9*s + 6. Calculate the remainder when f is divided by z(-6).
23
Let m be (-4)/(-2) - -25 - 3. Suppose 0*u - u + m = 0. Calculate the remainder when 93 is divided by u.
21
Let c be 9/(-18)*(-9 + -1). Calculate the remainder when 22 + c - 0/(-1) is divided by 14.
13
Let i(y) = y**3 - 27*y**2 + 27*y + 27. Calculate the remainder when i(26) is divided by 6.
5
Suppose -4*v = -5*k + 154, 8*v + 5 = 3*v. Calculate the remainder when k is divided by 11.
8
Let m(t) = -4*t + 3. Let n be m(3). Let a(r) = -5*r - 4. Calculate the remainder when a(n) is divide